{"id":51,"date":"2012-08-08T12:34:35","date_gmt":"2012-08-08T10:34:35","guid":{"rendered":"http:\/\/www.saekularerbuddhismus.org\/?page_id=51"},"modified":"2016-05-31T14:53:59","modified_gmt":"2016-05-31T12:53:59","slug":"veranstaltungen","status":"publish","type":"page","link":"http:\/\/www.saekularerbuddhismus.org\/?page_id=51","title":{"rendered":"Veranstaltungen"},"content":{"rendered":"<p>Hier wollen wir auf Veranstaltungen hinweisen, die f\u00fcr unsere LeserInnen interessant sein k\u00f6nnen:<\/p>\n<p>F\u00fcr das Retreat mit Martine und Stephen Batchelor von 15.-19. Juni 2016 im Buddhistischen Zentrum in Scheibbs gibt es noch freie Pl\u00e4tze!<\/p>\n<p>_______________________________________________________________<\/p>\n<p>eine Vorank\u00fcndigung: von 27. April bis 1. Mai 2016 gibt es im Buddhistischen Zentrum in Scheibbs, Nieder\u00f6sterreich, wieder ein Recollective-Awareness-Seminar mit Jason Siff.<\/p>\n<p>_______________________________________________________________<\/p>\n<p>Zwischen 20. April und 14. Mai 2016 wird unter dem Titel: <strong><em>Introduction to Mindfulness Meditation in Daily Life<\/em> <\/strong>ein Online-Retreat mit Martine Batchelor in englischer Sprache stattfinden. Es wird vier e<a href=\"http:\/\/www.saekularerbuddhismus.org\/?attachment_id=3845\" rel=\"attachment wp-att-3845\"><img decoding=\"async\" loading=\"lazy\" class=\"size-medium wp-image-3845 alignright\" src=\"http:\/\/www.saekularerbuddhismus.org\/wp-content\/uploads\/2016\/02\/martine-600-300x167.jpg\" alt=\"martine-600\" width=\"300\" height=\"167\" srcset=\"http:\/\/www.saekularerbuddhismus.org\/wp-content\/uploads\/2016\/02\/martine-600-300x167.jpg 300w, http:\/\/www.saekularerbuddhismus.org\/wp-content\/uploads\/2016\/02\/martine-600.jpg 600w\" sizes=\"(max-width: 300px) 100vw, 300px\" \/><\/a>inst\u00fcndige Vortr\u00e4ge und dazu interaktiven Austauch geben. N\u00e4heres unter: <a href=\"https:\/\/www.realizemedia.org\/martinebatchelor\/\">https:\/\/www.realizemedia.org\/martinebatchelor\/<\/a><\/p>\n<p>______________________________________________________________<\/p>\n<p>Von 8.-11. Oktober 2015 gibt\u00a0es im Buddhistischen Zentrum in Scheibbs, \u00d6sterreich, wieder ein s\u00e4kular-buddhistisches Peer-Retreat, organisiert von den BetreiberInnen dieser Website.<\/p>\n<div class=\"teaching_schedule\">\n<p>_______________________________________________________________<\/p>\n<\/div>\n<p>Von 24.-28. Juni 2015 kommen Martine und Stephen Batchelor wieder zu einem Studienretreat ins \u00f6sterreichische Scheibbs (s.: <a href=\"http:\/\/www.bzs.at\">www.bzs.at<\/a>).<\/p>\n<p>______________________________________________________________<\/p>\n<div class=\"teaching_schedule\">\n<p>Am 23. Juni 2015 h\u00e4lt Stephen Batchelor einen \u00f6ffentlichen Vortrag in Wien: N\u00e4heres unter: <a href=\"http:\/\/www.yogawerkstatt.at\/\" target=\"_blank\">www.yogawerkstatt.at<\/a>\u00a0 und:\u00a0<span id=\"cloak92074\"><a href=\"mailto:info@yogawerkstatt.at\">info@yogawerkstatt.at,<\/a>\u00a0 <\/span>Tel: + 43 (0) 699 1160 5147<\/p>\n<\/div>\n<p>_______________________________________________________________<\/p>\n<p>Vom 27. Mai bis 21. Juni 2015\u00a0h\u00e4lt Stephen Batchelor einen Online-Kurs auf Realize Media, der aus einer Serie von vier Video-Pr\u00e4sentationen mit anschlie\u00dfender Gelegenheit zu interaktiven Fragen und Antworten besteht. Der Titel der auf Englisch gehaltenen Veranstaltung:\u00a0<em>The Four Great Tasks<\/em><em>:\u00a0<\/em><em>Rethinking the Dharma for a Secular Age<\/em>. Weitere Information und Buchung unter:\u00a0<a href=\"https:\/\/www.realizemedia.org\/stephen-batchelor\/\" target=\"_blank\"><span class=\"Hyperlink0\">https:\/\/www.realizemedia.org\/stephen-batchelor\/<\/span><\/a><\/p>\n<p>_______________________________________________________________<\/p>\n<p>Am 13. Mai 2015 h\u00e4lt Stephen Batchelor in Hamburg einen Abendvortrag mit dem Titel &#8222;A Culture of Awakening&#8220; und im Anschluss daran von 14.- 17. Mai einen Studienkurs: &#8222;Four Great Tasks: Early Buddhism for Secular Times&#8220; im Buddhistischen Zentrum, Bahrenfelder Str. 201b-2, Innenhof, 22765 Hamburg.<br \/>\nN\u00e4heres unter:<br \/>\n<a href=\"http:\/\/www.sylvia-kolk.de\" target=\"_blank\">www.sylvia-kolk.de<\/a><\/p>\n<p>________________________________________________________________<\/p>\n<p>Von 18.-22. M\u00e4rz 2015\u00a0 h\u00e4lt Jason Siff, den wir mit seiner Methode der &#8222;Recollective Awareness&#8220;\u00a0 hier unter <em>Meditation: Das Meditieren entlernen<\/em> vorstellen, ein Seminar in englischer Sprache im Buddhistischen Zentrum in Scheibbs, Nieder\u00f6sterreich (s.: <a href=\"http:\/\/www.bzs.at\">www.bzs.at<\/a>):<\/p>\n<p><strong>Achtsamkeit f\u00fcr Gedanken und Gef\u00fchle in der Meditation<\/strong><\/p>\n<p>Jason Siff lehrt Meditation seit \u00fcber 25 Jahren. Den Meditationsweg der achtsamen Besinnung (Recollective Awareness Meditation) begann er in den 1980er Jahren als buddhistischer M\u00f6nch in Sri Lanka zu entwickeln. Sein Buch \u201eUnlearning Meditation: What to do when the instructions get in the way\u201c erschien 2010 bei Shambala (es gibt noch keine deutsche \u00dcbersetzung). Sein neues Buch: \u201eThoughts are not the enemy\u201c wird im Oktober 2014 erscheinen. Seine Website: <a href=\"http:\/\/www.skillfulmeditation.org\/\">www.skillfulmeditation.org<\/a>.<\/p>\n<p>_______________________________________________________________<\/p>\n<p>Am 14. 3. 2015 findet unter dem Titel &#8222;Thoughts are not the enemy&#8220; ein Tagesseminar in englischer Sprache mit Jason Siff im Buddhistischen Zentrum Wien, 1., Fleischmarkt 16 statt.<\/p>\n<p>_________________________________________________________________<\/p>\n<p>Im November 2014 findet in Berlin ein Vortrag mit anschlie\u00dfendem Seminar von Stephen Batchelor zum Thema: Buddhismus 2.0 statt. N\u00e4heres unter: <a title=\"Vortrag und Seminar mit Stephen Batchelor\" href=\"http:\/\/www.buddhistische-akademie-bb.de\/termine_AkademieSpezial.htm\">http:\/\/www.buddhistische-akademie-bb.de\/termine_AkademieSpezial.htm<\/a><\/p>\n<p>_______________________________________________________________<\/p>\n<p>Von 2.-5. Oktober 2014 gibt es im \u00f6sterreichischen Scheibbs ein Retreat mit dem Titel: <em>Einen s\u00e4kularen Weg entdecken und gestalten<\/em>. Es soll eine kollegiale Veranstaltung werden, vorbereitet wird sie von uns vier Personen, die diese Website betreiben: Evamaria Glatz, Bernd Kaponig, Cristina Peccia und Monika Strobl. Wir verstehen uns dabei als Moderatoren und Ansto\u00dfgeberinnen beim Kultivieren von Stille, Achtsamkeit und Freundlichkeit. N\u00e4heres unter: <a href=\"www. bzs.at.\">www. bzs.at.<\/a><\/p>\n<p>______________________________________________________________<\/p>\n<p>Zwischen 18. und 22. Juni 2014 gibt es im Buddhistischen Zentrum in Scheibbs, Nieder\u00f6sterreich, ein s\u00e4kular buddhistisches Retreat mit Stephen und Martine Batchelor. N\u00e4heres unter:<a href=\"http:\/\/www.bzs.at\"> www.bzs.at<\/a>.<\/p>\n<p>_____________________________________________________________<\/p>\n<p>Von 20. &#8211; 26. 9. 2013 findet in Wien eine &#8222;Buddhistische Filmwoche&#8220; statt. Anbei das Programm: <a href=\"http:\/\/www.oebr.at\/Filmwoche \">http:\/\/www.oebr.at\/Filmwoche<\/a>. Da k\u00f6nnten sehr interessante Filme dabei sein! Die Auswahl beschr\u00e4nkt sich nicht auf buddhistische Filme, sondern es geht auch um Themen wie Gl\u00fcck, Wirtschaft, Geld und gesellschaftliche Utopien.<\/p>\n<p style=\"text-align: left;\">____________________________________________________________<\/p>\n<p style=\"text-align: left;\">Ted Meissner, der die US-amerikanische Seite: secularbuddhism.org betreibt, bietet seit kurzem den \u201cSocial Circle\u201d an, ein monatliches virtuelles Treffen in englischer Sprache f\u00fcr Menschen, die an saekularem Buddhismus interessiert sind. Es geht dabei nicht um Meditation oder Studium, sondern einfach um freundliches Kennenlernen mit niederschwelligem Zugang. N\u00e4heres unter: <a href=\"http:\/\/secularbuddhism.org\/2012\/12\/31\/social-circle\/\">http:\/\/secularbuddhism.org\/2012\/12\/31\/social-circle\/<\/a>.<\/p>\n<p style=\"text-align: left;\">____________________________________________________________<\/p>\n<p>Der &#8222;Meditationsflashmob&#8220; findet seit ein paar Monaten regelm\u00e4\u00dfig in Wiener U-Bahnen statt. Ein paar Dutzend TeilnehmerInnen jeden Alters &#8211; Tendenz steigend &#8211; fahren gemeinsam in Stille von einer Endstation zur anderen.\u00a0 Meditationsvorkenntnisse sind nicht erforderlich.<\/p>\n<p>N\u00e4heres: <a href=\"http:\/\/www.imeditatevienna.org\">http:\/\/www.imeditatevienna.org<\/a><\/p>\n","protected":false},"excerpt":{"rendered":"<p>Hier wollen wir auf Veranstaltungen hinweisen, die f\u00fcr unsere LeserInnen interessant sein k\u00f6nnen: F\u00fcr das Retreat mit Martine und Stephen Batchelor von 15.-19. Juni 2016 im Buddhistischen Zentrum in Scheibbs gibt es noch freie Pl\u00e4tze! _______________________________________________________________ eine Vorank\u00fcndigung: von 27. April bis 1. Mai 2016 gibt es im Buddhistischen Zentrum in Scheibbs, Nieder\u00f6sterreich, wieder ein &hellip; <\/p>\n<p class=\"link-more\"><a href=\"http:\/\/www.saekularerbuddhismus.org\/?page_id=51\" class=\"more-link\"><span class=\"screen-reader-text\">\u201eVeranstaltungen\u201c<\/span> weiterlesen<\/a><\/p>\n","protected":false},"author":2,"featured_media":0,"parent":0,"menu_order":0,"comment_status":"open","ping_status":"closed","template":"","meta":{"_exactmetrics_skip_tracking":false,"_exactmetrics_sitenote_active":false,"_exactmetrics_sitenote_note":"","_exactmetrics_sitenote_category":0},"_links":{"self":[{"href":"http:\/\/www.saekularerbuddhismus.org\/index.php?rest_route=\/wp\/v2\/pages\/51"}],"collection":[{"href":"http:\/\/www.saekularerbuddhismus.org\/index.php?rest_route=\/wp\/v2\/pages"}],"about":[{"href":"http:\/\/www.saekularerbuddhismus.org\/index.php?rest_route=\/wp\/v2\/types\/page"}],"author":[{"embeddable":true,"href":"http:\/\/www.saekularerbuddhismus.org\/index.php?rest_route=\/wp\/v2\/users\/2"}],"replies":[{"embeddable":true,"href":"http:\/\/www.saekularerbuddhismus.org\/index.php?rest_route=%2Fwp%2Fv2%2Fcomments&post=51"}],"version-history":[{"count":44,"href":"http:\/\/www.saekularerbuddhismus.org\/index.php?rest_route=\/wp\/v2\/pages\/51\/revisions"}],"predecessor-version":[{"id":4052,"href":"http:\/\/www.saekularerbuddhismus.org\/index.php?rest_route=\/wp\/v2\/pages\/51\/revisions\/4052"}],"wp:attachment":[{"href":"http:\/\/www.saekularerbuddhismus.org\/index.php?rest_route=%2Fwp%2Fv2%2Fmedia&parent=51"}],"curies":[{"name":"wp","href":"https:\/\/api.w.org\/{rel}","templated":true}]}}

<p>Hier wollen wir auf Veranstaltungen hinweisen, die für unsere LeserInnen interessant sein können:</p>
<p>Für das Retreat mit Martine und Stephen Batchelor von 15.-19. Juni 2016 im Buddhistischen Zentrum in Scheibbs gibt es noch freie Plätze!</p>
<p>_______________________________________________________________</p>
<p>eine Vorankündigung: von 27. April bis 1. Mai 2016 gibt es im Buddhistischen Zentrum in Scheibbs, Niederösterreich, wieder ein Recollective-Awareness-Seminar mit Jason Siff.</p>
<p>_______________________________________________________________</p>
<p>Zwischen 20. April und 14. Mai 2016 wird unter dem Titel: <strong><em>Introduction to Mindfulness Meditation in Daily Life</em> </strong>ein Online-Retreat mit Martine Batchelor in englischer Sprache stattfinden. Es wird vier e<a href="http://www.saekularerbuddhismus.org/?attachment_id=3845" rel="attachment wp-att-3845"><img decoding="async" loading="lazy" class="size-medium wp-image-3845 alignright" src="http://www.saekularerbuddhismus.org/wp-content/uploads/2016/02/martine-600-300x167.jpg" alt="martine-600" width="300" height="167" srcset="http://www.saekularerbuddhismus.org/wp-content/uploads/2016/02/martine-600-300x167.jpg 300w, http://www.saekularerbuddhismus.org/wp-content/uploads/2016/02/martine-600.jpg 600w" sizes="(max-width: 300px) 100vw, 300px" /></a>instündige Vorträge und dazu interaktiven Austauch geben. Näheres unter: <a href="https://www.realizemedia.org/martinebatchelor/">https://www.realizemedia.org/martinebatchelor/</a></p>
<p>______________________________________________________________</p>
<p>Von 8.-11. Oktober 2015 gibt es im Buddhistischen Zentrum in Scheibbs, Österreich, wieder ein säkular-buddhistisches Peer-Retreat, organisiert von den BetreiberInnen dieser Website.</p>
<div class="teaching_schedule">
<p>_______________________________________________________________</p>
</div>
<p>Von 24.-28. Juni 2015 kommen Martine und Stephen Batchelor wieder zu einem Studienretreat ins österreichische Scheibbs (s.: <a href="http://www.bzs.at">www.bzs.at</a>).</p>
<p>______________________________________________________________</p>
<div class="teaching_schedule">
<p>Am 23. Juni 2015 hält Stephen Batchelor einen öffentlichen Vortrag in Wien: Näheres unter: <a href="http://www.yogawerkstatt.at/" target="_blank">www.yogawerkstatt.at</a>  und: <span id="cloak92074"><a href="mailto:info@yogawerkstatt.at">info@yogawerkstatt.at,</a>  </span>Tel: + 43 (0) 699 1160 5147</p>
</div>
<p>_______________________________________________________________</p>
<p>Vom 27. Mai bis 21. Juni 2015 hält Stephen Batchelor einen Online-Kurs auf Realize Media, der aus einer Serie von vier Video-Präsentationen mit anschließender Gelegenheit zu interaktiven Fragen und Antworten besteht. Der Titel der auf Englisch gehaltenen Veranstaltung: <em>The Four Great Tasks</em><em>: </em><em>Rethinking the Dharma for a Secular Age</em>. Weitere Information und Buchung unter: <a href="https://www.realizemedia.org/stephen-batchelor/" target="_blank"><span class="Hyperlink0">https://www.realizemedia.org/stephen-batchelor/</span></a></p>
<p>_______________________________________________________________</p>
<p>Am 13. Mai 2015 hält Stephen Batchelor in Hamburg einen Abendvortrag mit dem Titel &#8222;A Culture of Awakening&#8220; und im Anschluss daran von 14.- 17. Mai einen Studienkurs: &#8222;Four Great Tasks: Early Buddhism for Secular Times&#8220; im Buddhistischen Zentrum, Bahrenfelder Str. 201b-2, Innenhof, 22765 Hamburg.<br />
Näheres unter:<br />
<a href="http://www.sylvia-kolk.de" target="_blank">www.sylvia-kolk.de</a></p>
<p>________________________________________________________________</p>
<p>Von 18.-22. März 2015  hält Jason Siff, den wir mit seiner Methode der &#8222;Recollective Awareness&#8220;  hier unter <em>Meditation: Das Meditieren entlernen</em> vorstellen, ein Seminar in englischer Sprache im Buddhistischen Zentrum in Scheibbs, Niederösterreich (s.: <a href="http://www.bzs.at">www.bzs.at</a>):</p>
<p><strong>Achtsamkeit für Gedanken und Gefühle in der Meditation</strong></p>
<p>Jason Siff lehrt Meditation seit über 25 Jahren. Den Meditationsweg der achtsamen Besinnung (Recollective Awareness Meditation) begann er in den 1980er Jahren als buddhistischer Mönch in Sri Lanka zu entwickeln. Sein Buch „Unlearning Meditation: What to do when the instructions get in the way“ erschien 2010 bei Shambala (es gibt noch keine deutsche Übersetzung). Sein neues Buch: „Thoughts are not the enemy“ wird im Oktober 2014 erscheinen. Seine Website: <a href="http://www.skillfulmeditation.org/">www.skillfulmeditation.org</a>.</p>
<p>_______________________________________________________________</p>
<p>Am 14. 3. 2015 findet unter dem Titel &#8222;Thoughts are not the enemy&#8220; ein Tagesseminar in englischer Sprache mit Jason Siff im Buddhistischen Zentrum Wien, 1., Fleischmarkt 16 statt.</p>
<p>_________________________________________________________________</p>
<p>Im November 2014 findet in Berlin ein Vortrag mit anschließendem Seminar von Stephen Batchelor zum Thema: Buddhismus 2.0 statt. Näheres unter: <a title="Vortrag und Seminar mit Stephen Batchelor" href="http://www.buddhistische-akademie-bb.de/termine_AkademieSpezial.htm">http://www.buddhistische-akademie-bb.de/termine_AkademieSpezial.htm</a></p>
<p>_______________________________________________________________</p>
<p>Von 2.-5. Oktober 2014 gibt es im österreichischen Scheibbs ein Retreat mit dem Titel: <em>Einen säkularen Weg entdecken und gestalten</em>. Es soll eine kollegiale Veranstaltung werden, vorbereitet wird sie von uns vier Personen, die diese Website betreiben: Evamaria Glatz, Bernd Kaponig, Cristina Peccia und Monika Strobl. Wir verstehen uns dabei als Moderatoren und Anstoßgeberinnen beim Kultivieren von Stille, Achtsamkeit und Freundlichkeit. Näheres unter: <a href="www. bzs.at.">www. bzs.at.</a></p>
<p>______________________________________________________________</p>
<p>Zwischen 18. und 22. Juni 2014 gibt es im Buddhistischen Zentrum in Scheibbs, Niederösterreich, ein säkular buddhistisches Retreat mit Stephen und Martine Batchelor. Näheres unter:<a href="http://www.bzs.at"> www.bzs.at</a>.</p>
<p>_____________________________________________________________</p>
<p>Von 20. &#8211; 26. 9. 2013 findet in Wien eine &#8222;Buddhistische Filmwoche&#8220; statt. Anbei das Programm: <a href="http://www.oebr.at/Filmwoche ">http://www.oebr.at/Filmwoche</a>. Da könnten sehr interessante Filme dabei sein! Die Auswahl beschränkt sich nicht auf buddhistische Filme, sondern es geht auch um Themen wie Glück, Wirtschaft, Geld und gesellschaftliche Utopien.</p>
<p style="text-align: left;">____________________________________________________________</p>
<p style="text-align: left;">Ted Meissner, der die US-amerikanische Seite: secularbuddhism.org betreibt, bietet seit kurzem den “Social Circle” an, ein monatliches virtuelles Treffen in englischer Sprache für Menschen, die an saekularem Buddhismus interessiert sind. Es geht dabei nicht um Meditation oder Studium, sondern einfach um freundliches Kennenlernen mit niederschwelligem Zugang. Näheres unter: <a href="http://secularbuddhism.org/2012/12/31/social-circle/">http://secularbuddhism.org/2012/12/31/social-circle/</a>.</p>
<p style="text-align: left;">____________________________________________________________</p>
<p>Der &#8222;Meditationsflashmob&#8220; findet seit ein paar Monaten regelmäßig in Wiener U-Bahnen statt. Ein paar Dutzend TeilnehmerInnen jeden Alters &#8211; Tendenz steigend &#8211; fahren gemeinsam in Stille von einer Endstation zur anderen.  Meditationsvorkenntnisse sind nicht erforderlich.</p>
<p>Näheres: <a href="http://www.imeditatevienna.org">http://www.imeditatevienna.org</a></p>

<p>Hier wollen wir auf Veranstaltungen hinweisen, die für unsere LeserInnen interessant sein können: Für das Retreat mit Martine und Stephen Batchelor von 15.-19. Juni 2016 im Buddhistischen Zentrum in Scheibbs gibt es noch freie Plätze! _______________________________________________________________ eine Vorankündigung: von 27. April bis 1. Mai 2016 gibt es im Buddhistischen Zentrum in Scheibbs, Niederösterreich, wieder ein &hellip; </p>
<p class="link-more"><a href="http://www.saekularerbuddhismus.org/?page_id=51" class="more-link"><span class="screen-reader-text">„Veranstaltungen“</span> weiterlesen</a></p>
