{"id":4130,"date":"2016-08-01T10:19:55","date_gmt":"2016-08-01T08:19:55","guid":{"rendered":"http:\/\/www.saekularerbuddhismus.org\/?page_id=4130"},"modified":"2016-08-01T10:31:20","modified_gmt":"2016-08-01T08:31:20","slug":"recollective-awareness-in-der-praxis","status":"publish","type":"page","link":"http:\/\/www.saekularerbuddhismus.org\/?page_id=4130","title":{"rendered":"Recollective Awareness in der Praxis"},"content":{"rendered":"<p style=\"text-align: left;\" align=\"LEFT\"><span style=\"font-size: large;\">Da wir in unserer Wiener Sangha seit l\u00e4ngerem Jason Siffs Ansatz folgen, wollen wir auch die Erfahrungen anderer Gruppen damit nutzen. Linda Modaro ist eine der Lehrerinnen, die seit langem am Skillful Meditation Projekt (SMP) mitarbeitet. Sie hat uns die folgende Frageliste zur Verf\u00fcgung gestellt, die <\/span><span style=\"font-size: large;\">n\u00fctzlich sein kann, um sich <\/span><span style=\"font-size: large;\">allein oder im Austausch in der Gruppe \u00fcber die Vorg\u00e4nge w\u00e4hrend des Sitzens klarer zu werden. Wir haben sie hier mit Lindas Zustimmung \u00fcbersetzt:<br \/>\n<\/span><\/p>\n<p style=\"text-align: left;\" align=\"LEFT\"><span style=\"font-size: large;\"><strong>Recollective Awareness- Austausch \u00fcber Meditation<\/strong><\/span><\/p>\n<p align=\"LEFT\"><span style=\"font-size: large;\">Dies ist eine Liste einf\u00fchrender Fragen \u00fcber Meditationserfahrungen. Zu Beginn sollte die Person die Gelegenheit haben, \u00fcber die Sitzperiode und ihre Fragen oder Anliegen zu sprechen. Danach kann man aus dieser Liste einige Fragen ausw\u00e4hlen, die der Person helfen k\u00f6nnten, ihre Meditationserfahrungen zu erforschen, die Fragen k\u00f6nnen aber auch der Person selbst bei der Arbeit mit ihren Erfahrungen dienen.<\/span><\/p>\n<ul>\n<li>\n<p align=\"LEFT\"><span style=\"font-size: large;\">Bist du dir irgendwelcher Ver\u00e4nderungen w\u00e4hrend des Sitzens bewusst geworden? Irgendwelche \u00dcberg\u00e4nge von einer Erfahrung zu einer anderen?<\/span><\/p>\n<\/li>\n<li>\n<p align=\"LEFT\"><span style=\"font-size: large;\">War irgendetwas nicht das, was du erwartet hattest? Abwesenheit eines vertrauten Musters, einer Emotion, einer Stimmung oder Gef\u00fchlslage?<\/span><\/p>\n<\/li>\n<li>\n<p align=\"LEFT\"><span style=\"font-size: large;\">Ist etwas \u00dcberraschendes hochgekommen?<\/span><\/p>\n<\/li>\n<li>\n<p align=\"LEFT\"><span style=\"font-size: large;\">Hast du w\u00e4hrend des Sitzens irgendwelche k\u00f6rperlichen Vorg\u00e4nge wahrgenommen? Hast du Ger\u00e4usche geh\u00f6rt? Hast du den Atem oder das Atmen wahrgenommen?<\/span><\/p>\n<\/li>\n<li>\n<p align=\"LEFT\"><span style=\"font-size: large;\">Hattest du visuelle Eindr\u00fccke?<\/span><\/p>\n<\/li>\n<li>\n<p align=\"LEFT\"><span style=\"font-size: large;\">Hast du wahrgenommen, dass irgendwelche Qualit\u00e4ten sich w\u00e4hrend des Sitzens entwickelt haben? Sanftheit, Achtsamkeit, Flexibilit\u00e4t, Vertrauen, Zuversicht, Z\u00e4rtlichkeit, Interesse, Mut&#8230;?<\/span><\/p>\n<\/li>\n<li>\n<p align=\"LEFT\"><span style=\"font-size: large;\">Welche Art von Erfahrungen haben sich wiederholt oder haben w\u00e4hrend des Sitzens angedauert? Hat das Spannung erzeugt oder das Gef\u00fchl, festgefahren zu sein?<\/span><\/p>\n<\/li>\n<li>\n<p align=\"LEFT\"><span style=\"font-size: large;\">Hast du etwas Neues wahrgenommen: Gef\u00fchl, Gedanken, Betrachtung oder Einsicht?<\/span><\/p>\n<\/li>\n<li>\n<p align=\"LEFT\"><span style=\"font-size: large;\">Sind irgendwelche Emotionen hochgekommen? Wie ist es dir mit ihnen gegangen?<\/span><\/p>\n<\/li>\n<li>\n<p align=\"LEFT\"><span style=\"font-size: large;\">Auf welche Arten hast du fr\u00fcher praktiziert? Hat das dein jetziges Sitzen irgendwie beeinflusst?<\/span><\/p>\n<\/li>\n<\/ul>\n","protected":false},"excerpt":{"rendered":"<p>Da wir in unserer Wiener Sangha seit l\u00e4ngerem Jason Siffs Ansatz folgen, wollen wir auch die Erfahrungen anderer Gruppen damit nutzen. Linda Modaro ist eine der Lehrerinnen, die seit langem am Skillful Meditation Projekt (SMP) mitarbeitet. Sie hat uns die folgende Frageliste zur Verf\u00fcgung gestellt, die n\u00fctzlich sein kann, um sich allein oder im Austausch &hellip; <\/p>\n<p class=\"link-more\"><a href=\"http:\/\/www.saekularerbuddhismus.org\/?page_id=4130\" class=\"more-link\"><span class=\"screen-reader-text\">\u201eRecollective Awareness in der Praxis\u201c<\/span> weiterlesen<\/a><\/p>\n","protected":false},"author":4,"featured_media":0,"parent":0,"menu_order":0,"comment_status":"closed","ping_status":"closed","template":"","meta":{"_exactmetrics_skip_tracking":false,"_exactmetrics_sitenote_active":false,"_exactmetrics_sitenote_note":"","_exactmetrics_sitenote_category":0},"_links":{"self":[{"href":"http:\/\/www.saekularerbuddhismus.org\/index.php?rest_route=\/wp\/v2\/pages\/4130"}],"collection":[{"href":"http:\/\/www.saekularerbuddhismus.org\/index.php?rest_route=\/wp\/v2\/pages"}],"about":[{"href":"http:\/\/www.saekularerbuddhismus.org\/index.php?rest_route=\/wp\/v2\/types\/page"}],"author":[{"embeddable":true,"href":"http:\/\/www.saekularerbuddhismus.org\/index.php?rest_route=\/wp\/v2\/users\/4"}],"replies":[{"embeddable":true,"href":"http:\/\/www.saekularerbuddhismus.org\/index.php?rest_route=%2Fwp%2Fv2%2Fcomments&post=4130"}],"version-history":[{"count":2,"href":"http:\/\/www.saekularerbuddhismus.org\/index.php?rest_route=\/wp\/v2\/pages\/4130\/revisions"}],"predecessor-version":[{"id":4133,"href":"http:\/\/www.saekularerbuddhismus.org\/index.php?rest_route=\/wp\/v2\/pages\/4130\/revisions\/4133"}],"wp:attachment":[{"href":"http:\/\/www.saekularerbuddhismus.org\/index.php?rest_route=%2Fwp%2Fv2%2Fmedia&parent=4130"}],"curies":[{"name":"wp","href":"https:\/\/api.w.org\/{rel}","templated":true}]}}

<p style="text-align: left;" align="LEFT"><span style="font-size: large;">Da wir in unserer Wiener Sangha seit längerem Jason Siffs Ansatz folgen, wollen wir auch die Erfahrungen anderer Gruppen damit nutzen. Linda Modaro ist eine der Lehrerinnen, die seit langem am Skillful Meditation Projekt (SMP) mitarbeitet. Sie hat uns die folgende Frageliste zur Verfügung gestellt, die </span><span style="font-size: large;">nützlich sein kann, um sich </span><span style="font-size: large;">allein oder im Austausch in der Gruppe über die Vorgänge während des Sitzens klarer zu werden. Wir haben sie hier mit Lindas Zustimmung übersetzt:<br />
</span></p>
<p style="text-align: left;" align="LEFT"><span style="font-size: large;"><strong>Recollective Awareness- Austausch über Meditation</strong></span></p>
<p align="LEFT"><span style="font-size: large;">Dies ist eine Liste einführender Fragen über Meditationserfahrungen. Zu Beginn sollte die Person die Gelegenheit haben, über die Sitzperiode und ihre Fragen oder Anliegen zu sprechen. Danach kann man aus dieser Liste einige Fragen auswählen, die der Person helfen könnten, ihre Meditationserfahrungen zu erforschen, die Fragen können aber auch der Person selbst bei der Arbeit mit ihren Erfahrungen dienen.</span></p>
<ul>
<li>
<p align="LEFT"><span style="font-size: large;">Bist du dir irgendwelcher Veränderungen während des Sitzens bewusst geworden? Irgendwelche Übergänge von einer Erfahrung zu einer anderen?</span></p>
</li>
<li>
<p align="LEFT"><span style="font-size: large;">War irgendetwas nicht das, was du erwartet hattest? Abwesenheit eines vertrauten Musters, einer Emotion, einer Stimmung oder Gefühlslage?</span></p>
</li>
<li>
<p align="LEFT"><span style="font-size: large;">Ist etwas Überraschendes hochgekommen?</span></p>
</li>
<li>
<p align="LEFT"><span style="font-size: large;">Hast du während des Sitzens irgendwelche körperlichen Vorgänge wahrgenommen? Hast du Geräusche gehört? Hast du den Atem oder das Atmen wahrgenommen?</span></p>
</li>
<li>
<p align="LEFT"><span style="font-size: large;">Hattest du visuelle Eindrücke?</span></p>
</li>
<li>
<p align="LEFT"><span style="font-size: large;">Hast du wahrgenommen, dass irgendwelche Qualitäten sich während des Sitzens entwickelt haben? Sanftheit, Achtsamkeit, Flexibilität, Vertrauen, Zuversicht, Zärtlichkeit, Interesse, Mut&#8230;?</span></p>
</li>
<li>
<p align="LEFT"><span style="font-size: large;">Welche Art von Erfahrungen haben sich wiederholt oder haben während des Sitzens angedauert? Hat das Spannung erzeugt oder das Gefühl, festgefahren zu sein?</span></p>
</li>
<li>
<p align="LEFT"><span style="font-size: large;">Hast du etwas Neues wahrgenommen: Gefühl, Gedanken, Betrachtung oder Einsicht?</span></p>
</li>
<li>
<p align="LEFT"><span style="font-size: large;">Sind irgendwelche Emotionen hochgekommen? Wie ist es dir mit ihnen gegangen?</span></p>
</li>
<li>
<p align="LEFT"><span style="font-size: large;">Auf welche Arten hast du früher praktiziert? Hat das dein jetziges Sitzen irgendwie beeinflusst?</span></p>
</li>
</ul>

<p>Da wir in unserer Wiener Sangha seit längerem Jason Siffs Ansatz folgen, wollen wir auch die Erfahrungen anderer Gruppen damit nutzen. Linda Modaro ist eine der Lehrerinnen, die seit langem am Skillful Meditation Projekt (SMP) mitarbeitet. Sie hat uns die folgende Frageliste zur Verfügung gestellt, die nützlich sein kann, um sich allein oder im Austausch &hellip; </p>
<p class="link-more"><a href="http://www.saekularerbuddhismus.org/?page_id=4130" class="more-link"><span class="screen-reader-text">„Recollective Awareness in der Praxis“</span> weiterlesen</a></p>
